 common factor of 3 and n?
3
Let h = 4 - -20. Suppose 2*q - 248 = h. Calculate the highest common divisor of q and 17.
17
Let s = -21 + 28. Calculate the greatest common factor of s and 14.
7
Suppose 8*n - 6*n - 8 = 0. Suppose n*o - 7*o = -36. Calculate the highest common factor of o and 108.
12
Let x = -13 - -19. Suppose -2*o - 24 = 2*o. Let r be ((-4)/x)/(1/o). Calculate the greatest common factor of 44 and r.
4
Let f(m) = -23*m. Let r be f(-4). Suppose -i = 4*u + i - 120, 3*u = -i + r. Calculate the greatest common factor of 352 and u.
32
Suppose p - 5 = -x + 11, 3*x + 4*p = 46. Calculate the greatest common factor of x and 162.
18
Suppose -q + u = -0*q - 18, 0 = 5*u - 10. What is the greatest common factor of q and 10?
10
Let u = 33 - 3. Calculate the greatest common divisor of 45 and u.
15
Suppose -72 = -j - 3*j. What is the greatest common factor of 27 and j?
9
Let g(m) = -m**3 - 2*m**2 + 5*m + 4. Let i be g(-3). Let u = i - -2. Let o = 2 + u. What is the greatest common divisor of 16 and o?
2
Let h = -38 + 41. Calculate the highest common factor of h and 9.
3
Let y(q) = q**3 + 6*q**2 - 2*q - 3. Suppose -o = 7 - 1. Let v be y(o). Let a be (162/(-36))/((-3)/6). Calculate the greatest common divisor of a and v.
9
Let f(l) = 3*l - 3*l + 1 - 2*l. Let t be f(-2). Let p(w) = -w**3 + 8*w**2 + 23*w - 5. Let a be p(10). What is the highest common divisor of t and a?
5
Let d be 2 + (1 - (-44)/2). Suppose 2*p - 94 = -4*m - 0*p, -3*m + p + 78 = 0. Calculate the greatest common factor of m and d.
25
Let n(t) = t**3 - 7*t**2 - 2*t + 2*t + 3 + 5*t. Let x be n(6). Let g(w) = w**3 + 3*w**2 - w + 1. Let j be g(x). Calculate the highest common factor of j and 16.
4
Suppose 1 - 9 = -l. Let x = 13 - l. Suppose 3*s - 4*v - 57 = 0, -4*s + x*s = 5*v + 30. What is the greatest common divisor of s and 5?
5
Let n(v) = -v**3 - 6*v**2 - 2*v - 1. Let j be n(-6). Let f = j - 4. Suppose -3*d = -0*d - 168. What is the greatest common factor of f and d?
7
Let c(f) = -f + 25. Let r = 53 + -37. Let p be c(r). Let l(o) = o**3 + 4*o**2 - o + 5. Let m be l(-4). Calculate the greatest common divisor of p and m.
9
Let h(x) = 5*x**2 + 2*x + 2. Let a be h(-1). Suppose a*j + 374 = 4*c + 95, -j = 2*c - 129. What is the highest common divisor of c and 6?
6
Suppose 9 + 11 = -5*k. Let m be (172/k)/(-1) - 3. What is the greatest common divisor of m and 16?
8
Suppose 5*w - 5*v - 52 = -12, 0 = 5*w + 3*v - 24. Let s be (w/9)/((-4)/(-18)). Let n = 6 - s. Calculate the greatest common divisor of 12 and n.
3
Suppose -10 = -4*r - 2. Let k = r - -8. Let d(b) = b**2 + 7*b + 5. Let q be d(-7). What is the greatest common divisor of q and k?
5
Suppose 6*h = 2*h. Suppose h = -3*f + 41 + 31. Calculate the greatest common factor of f and 3.
3
Let g be (-2 - (-40)/12)*3 + 0. Calculate the highest common divisor of 2 and g.
2
Let t(q) = q**3 + 9*q**2 - 3*q + 2. Let r be -2 + (7 - 2) + -2. Let o be (r/(-2))/(1/16). Let k be t(o). What is the greatest common divisor of k and 18?
18
Let p(h) = 3*h**2 + 2*h. Let i be p(2). Let l be ((-38)/(-5))/1 - (-2)/5. Calculate the highest common divisor of i and l.
8
Let n(y) = 19*y - 3. Let s be n(2). Suppose 0*k + 3*k = 6. Suppose 7*f - s = k*f. What is the highest common divisor of 7 and f?
7
Let u(r) = -5*r - 5. Let n be u(-6). Suppose -n = 2*j - 7*j. Suppose -j*k - 2*s = 0, 3*s - s + 10 = 0. Calculate the greatest common factor of 16 and k.
2
Let m be (-23)/3 - (-4)/6. Let v = m - -11. Let a be (6/(-4))/((-1)/4). What is the greatest common factor of v and a?
2
Let t be ((-28)/35)/(2/(-85)). Suppose -6*x + x - t = -2*r, r - 2*x - 16 = 0. Calculate the greatest common factor of 132 and r.
12
Let x(f) = 2*f**2 - 3. Let i be x(3). Calculate the greatest common factor of 6 and i.
3
Let d(t) = -3*t - 2. Let j be d(2). Let h be (-3)/(-1) + -1 - j. Let b = 19 - h. What is the highest common factor of b and 36?
9
Let x be 112/10 + 14/(-70). What is the highest common factor of 121 and x?
11
Let z be (0 - -2)/(18/(-45)). Let q(r) = -r + 6. Let b be q(z). Calculate the greatest common factor of b and 44.
11
Suppose 4*i + 5*b + 62 = 5*i, -3*b = -3*i + 126. What is the greatest common factor of i and 185?
37
Let g(c) = -c**2 + 12*c + 3. Let n be g(9). What is the greatest common factor of n and 210?
30
Let x = 28 + 14. Suppose i + 3*i = 24. Calculate the greatest common divisor of x and i.
6
Let r = -3 + 7. Suppose r*d - 130 = 30. Suppose 4*g - d - 264 = 0. What is the highest common divisor of g and 19?
19
Let g(p) = 5*p - 15. Let b be g(10). What is the highest common factor of b and 14?
7
Let r(w) = w**3 + 9*w**2 - w + 4. Let k be r(-9). What is the greatest common factor of k and 13?
13
Let o(i) = 3*i + 5. Let b be o(5). Let u(q) = -q**3 + 6*q**2 - 2. Let a be u(4). What is the greatest common factor of a and b?
10
Suppose -q = -5*k + 14 + 22, 3*k = -q - 4. Let a be 1 + -2 - (q + 0). Calculate the greatest common factor of 3 and a.
3
Let v = -52 + 127. What is the highest common divisor of 15 and v?
15
Let d(p) = -p**2 + 14*p + 14. Let y be d(14). What is the greatest common divisor of 7 and y?
7
Let h(v) = 2*v - 5*v + 3*v - 11 + 3*v. Let z be h(11). What is the highest common factor of 55 and z?
11
Let v(g) = -3*g + 1. Let p = 16 - 11. Suppose -23 = 3*f - p*d, -3*f + 2 = 4*d - 11. Let w be v(f). Calculate the highest common divisor of w and 4.
4
Let g(y) = y**3 - 7*y**2 + 9. Let d be g(7). Suppose p - 4*p = -d. Calculate the highest common factor of p and 33.
3
Suppose 2*d + 5 = 3*d. Suppose 0 = 3*a + 4*q - 371, 5*a - 595 = d*q - 0*q. Let p be 158/14 - (-2)/(-7). What is the highest common divisor of p and a?
11
Let w(n) = n - 1. Let l(d) = 6*d - 6. Let f(u) = l(u) - 4*w(u). Let c be f(4). Suppose -c - 12 = -2*b. What is the highest common divisor of 3 and b?
3
Let x = -8 - -9. Let u be 25/x*(10 - -1). Calculate the highest common factor of u and 25.
25
Suppose -4*g = 2*q - 28, 0 = 2*q - 2*g - 12 - 16. Let p(j) = -5*j + 10. Let i be p(8). Let c = -16 - i. What is the highest common factor of q and c?
14
Let m(c) = c**3 + 19*c**2 - 43*c - 10. Let o be m(-21). Suppose -44 = 3*g - 5*g. Calculate the greatest common factor of g and o.
11
Let g(t) be the second derivative of t**5/20 - t**4/12 - t**3/3 + 6*t**2 - t. Let v be g(0). Calculate the highest common divisor of v and 96.
12
Let v(i) = i + 1. Let y be v(0). Suppose 4*l = 59 + y. What is the highest common divisor of 15 and l?
15
Let w = 452 + -254. Let g(j) = -j + 61. Let t be g(0). Suppose 4*b = 11 + t. Calculate the highest common factor of w and b.
18
Suppose -4*d - 30 = -7*d. Let q = -952 - -1398. Suppose 5*g = -u + q, 3*g + 2*u = -g + 352. What is the highest common factor of d and g?
10
Let r = 12 - 18. Let i be (2 - 3)*0 - r. Calculate the highest common factor of i and 48.
6
Suppose 3*o - 2*o - 265 = 0. Suppose 3*f - 176 = -4*i + 2*i, 3*i + 4*f - o = 0. Suppose 2 = p - 11. What is the highest common factor of i and p?
13
Let s = 317 + -224. Suppose 5*f - s = 2*g, f + f - 35 = 3*g. What is the greatest common factor of f and 19?
19
Suppose 3*g - 12 - 3 = 0. Suppose 2*r - 3*k - 7 = 0, 3*r - g*k - 1 = 9. Calculate the greatest common factor of 5 and r.
5
Suppose -3*z - 4 = -5*o, 14 = 7*o - 3*o + 3*z. Calculate the greatest common factor of o and 22.
2
Suppose -3*i - 44 = -7*i. Suppose -v = -i - 7. Let z be 25/4 - (-1)/(-4). Calculate the greatest common divisor of z and v.
6
Let p = -19 - -23. Calculate the greatest common divisor of 18 and p.
2
Let g(b) = -8*b**3 - b**2 + 2*b - 1. Let k be g(-2). Suppose h + 4*h = k. Let j be (2 - 1)*(1 + 0). What is the greatest common factor of h and j?
1
Let f(l) = 4*l - 9. Let s be f(4). Calculate the greatest common divisor of s and 49.
7
Suppose -3*n = 91 + 152. Let k be (2 + (-30)/9)*n. Calculate the greatest common divisor of k and 12.
12
Let d = 97 + -53. Suppose j - d = s - 153, -j + 111 = s. Suppose 3*q - 2*q = s. Calculate the greatest common divisor of q and 10.
10
Suppose 2*n + 2*y = -0*y + 38, -4*n - 3*y + 79 = 0. Suppose -m = 2*q - 2 - 18, -3*m = 5*q - 49. Calculate the greatest common divisor of q and n.
11
Let v(y) = 6*y. Let b be v(-4). Suppose 0 = -59*s + 58*s + 6. Let l = s - b. Calculate the greatest common factor of 12 and l.
6
Let y be (-1)/1 + -3 